{"id":5914,"date":"2025-02-20T11:41:49","date_gmt":"2025-02-20T14:41:49","guid":{"rendered":"https:\/\/dep.ufscar.br\/?page_id=5914"},"modified":"2025-02-20T11:49:16","modified_gmt":"2025-02-20T14:49:16","slug":"rever-politica-de-financiamento-rural-pode-promover-menor-impacto-ambiental","status":"publish","type":"page","link":"https:\/\/dep.ufscar.br\/index.php\/rever-politica-de-financiamento-rural-pode-promover-menor-impacto-ambiental\/","title":{"rendered":"Rever pol\u00edtica de financiamento rural pode promover menor impacto ambiental"},"content":{"rendered":"<p>A produ\u00e7\u00e3o de carne bovina \u00e9 uma das atividades com maior impacto ambiental no Brasil. Milhares de hectares s\u00e3o desmatados todos os anos para se tornarem \u00e1rea de pasto, e o pr\u00f3prio gado emite metano, um dos gases respons\u00e1veis pelo efeito estufa.<\/p>\n<p>Paradoxalmente, mudar a maneira como o Pa\u00eds financia a pecu\u00e1ria pode ser a chave para promover modelos de cria\u00e7\u00e3o bovina diferentes, com menor impacto ambiental e avan\u00e7ando no sentido da produ\u00e7\u00e3o sustent\u00e1vel, que busca compensar a emiss\u00e3o de carbono e outros gases do efeito estufa (GEE) na atmosfera. Silvio Candido, professor da UFSCar e pesquisador parceiro da C\u00e1tedra Josu\u00e9 de Castro da Faculdade de Sa\u00fade P\u00fablica da USP, explica melhor a rela\u00e7\u00e3o entre verba e impacto.<\/p>\n<h2>De onde vem o dinheiro?<\/h2>\n<figure id=\"attachment_856134\" class=\"wp-caption alignright\" aria-describedby=\"caption-attachment-856134\"><img loading=\"lazy\" class=\"wp-image-856134 size-medium\" src=\"https:\/\/jornal.usp.br\/wp-content\/uploads\/2025\/02\/20250217_silvio-candido-300x300.jpg\" sizes=\"(max-width: 300px) 100vw, 300px\" srcset=\"https:\/\/jornal.usp.br\/wp-content\/uploads\/2025\/02\/20250217_silvio-candido-300x300.jpg 300w, https:\/\/jornal.usp.br\/wp-content\/uploads\/2025\/02\/20250217_silvio-candido-150x150.jpg 150w, https:\/\/jornal.usp.br\/wp-content\/uploads\/2025\/02\/20250217_silvio-candido-60x60.jpg 60w, https:\/\/jornal.usp.br\/wp-content\/uploads\/2025\/02\/20250217_silvio-candido.jpg 400w\" alt=\"Homem branco, ainda jovem barba e bigode, vestindo camisa de cor escura\" width=\"300\" height=\"300\" \/><figcaption id=\"caption-attachment-856134\" class=\"wp-caption-text\">Silvio Eduardo Alvarez Candido \u2013 Foto:\u00a0<a href=\"https:\/\/dep.ufscar.br\/index.php\/professor\/silvio-eduardo-alvarez-candido\/\">ufscar<\/a><\/figcaption><\/figure>\n<p>Conforme explica Candido, no Brasil apenas metade da verba que financia a produ\u00e7\u00e3o de gado bovino vem dos produtores. A outra metade vem da pol\u00edtica p\u00fablica de financiamento rural, que destina dinheiro estatal e de outros bancos para os produtores rurais.\u00a0\u201cEm 2023, por exemplo, a quantia foi de cerca de 60% do PIB agropecu\u00e1rio. Ao longo dos \u00faltimos anos, a parcela\u00a0 dos bancos [que realizam o financiamento] tem se ampliado, sobretudo devido a restri\u00e7\u00f5es fiscais,\u201d exemplifica.<\/p>\n<p>Essa maneira de destinar verbas indiscriminadamente aos produtores promove a improdutividade, porque na maioria dos casos a pecu\u00e1ria \u00e9 utilizada mais como justificativa de ocupa\u00e7\u00e3o de terras do que uma atividade que enfatiza o alto desempenho, opera\u00e7\u00f5es eficientes e resultados.<\/p>\n<p>\u201cO mais grave \u00e9 que ela \u00e9 o principal vetor de desmatamento ilegal de importantes biomas brasileiros, como o Cerrado e a Amaz\u00f4nia. Isso gera impactos dram\u00e1ticos tamb\u00e9m sobre servi\u00e7os ecossist\u00eamicos, a biodiversidade e os direitos humanos de popula\u00e7\u00f5es tradicionais. O cr\u00e9dito rural tende a promover esse modelo, porque n\u00e3o condiciona os empr\u00e9stimos a melhorias produtivas significativas\u201d, argumenta Candido.<\/p>\n<p>Segundo o professor, o modelo atual de financiamento rural tamb\u00e9m tende a beneficiar m\u00e9dios e grandes produtores em detrimento dos micros e pequenos, aprofundando ainda mais a desigualdade rural.<\/p>\n<h2><strong>Inverter a l\u00f3gica<\/strong><\/h2>\n<p>Mudar o destino da verba p\u00fablica alocada e estabelecer filtros nos programas de financiamento pode mudar o cen\u00e1rio atual. \u00c9 preciso interromper empr\u00e9stimos para os produtores envolvidos no desmatamento ilegal, na invas\u00e3o de \u00e1reas protegidas e na lista suja do trabalho escravo.\u00a0A cria\u00e7\u00e3o de programas federais visando \u00e0 sustentabilidade tamb\u00e9m \u00e9 de vital import\u00e2ncia para a transi\u00e7\u00e3o:\u00a0\u00a0\u201cAvan\u00e7os b\u00e1sicos, mas importantes, j\u00e1 aconteceram nas \u00faltimas d\u00e9cadas, como a cria\u00e7\u00e3o do Programa Nacional de Fortalecimento da Agricultura Familiar (Pronaf). O Programa Agricultura de Baixo Carbono (agora chamado RenovaAgro) indica um caminho promissor: o de vincular a concess\u00e3o do cr\u00e9dito \u00e0 ado\u00e7\u00e3o de tecnologias mais sustent\u00e1veis. Entretanto, na \u00faltima d\u00e9cada ele concedeu, em m\u00e9dia, somente 2% do total do cr\u00e9dito rural\u201d, explica Candido.<\/p>\n<p>\u201cToda a oferta de cr\u00e9dito rural deveria ocorrer em seus moldes e seria fundamental que mais tecnologias associadas \u00e0 pecu\u00e1ria regenerativa fossem inclu\u00eddas no programa. Para que a parcela do cr\u00e9dito rural concedida aos pequenos produtores se amplie \u00e9 fundamental que essa pol\u00edtica se articule com a de assist\u00eancia t\u00e9cnica para esse p\u00fablico, que precisa ser fortalecida\u201d, finaliza o pesquisador.<\/p>\n","protected":false},"excerpt":{"rendered":"<p>A produ\u00e7\u00e3o de carne bovina \u00e9 uma das atividades com maior impacto ambiental no Brasil. Milhares de hectares s\u00e3o desmatados todos os anos para se tornarem \u00e1rea de pasto, e o pr\u00f3prio gado emite metano, um dos gases respons\u00e1veis pelo efeito estufa. Paradoxalmente, mudar a maneira como o Pa\u00eds financia a pecu\u00e1ria pode ser a &#8230; <a class=\"more-link\" href=\"https:\/\/dep.ufscar.br\/index.php\/rever-politica-de-financiamento-rural-pode-promover-menor-impacto-ambiental\/\">Leia mais<\/a><\/p>\n","protected":false},"author":245,"featured_media":5916,"parent":0,"menu_order":0,"comment_status":"closed","ping_status":"closed","template":"","meta":[],"categories":[29,38],"tags":[],"yoast_head":"<!-- This site is optimized with the Yoast SEO plugin v17.0 - https:\/\/yoast.com\/wordpress\/plugins\/seo\/ -->\n<title>Rever pol\u00edtica de financiamento rural pode promover menor impacto ambiental - DEP<\/title>\n<meta name=\"robots\" content=\"index, follow, max-snippet:-1, max-image-preview:large, max-video-preview:-1\" \/>\n<link rel=\"canonical\" href=\"https:\/\/dep.ufscar.br\/index.php\/rever-politica-de-financiamento-rural-pode-promover-menor-impacto-ambiental\/\" \/>\n<meta property=\"og:locale\" content=\"pt_BR\" \/>\n<meta property=\"og:type\" content=\"article\" \/>\n<meta property=\"og:title\" content=\"Rever pol\u00edtica de financiamento rural pode promover menor impacto ambiental - DEP\" \/>\n<meta property=\"og:description\" content=\"A produ\u00e7\u00e3o de carne bovina \u00e9 uma das atividades com maior impacto ambiental no Brasil. Milhares de hectares s\u00e3o desmatados todos os anos para se tornarem \u00e1rea de pasto, e o pr\u00f3prio gado emite metano, um dos gases respons\u00e1veis pelo efeito estufa. Paradoxalmente, mudar a maneira como o Pa\u00eds financia a pecu\u00e1ria pode ser a [&hellip;]\" \/>\n<meta property=\"og:url\" content=\"https:\/\/dep.ufscar.br\/index.php\/rever-politica-de-financiamento-rural-pode-promover-menor-impacto-ambiental\/\" \/>\n<meta property=\"og:site_name\" content=\"DEP\" \/>\n<meta property=\"article:modified_time\" content=\"2025-02-20T14:49:16+00:00\" \/>\n<meta property=\"og:image\" content=\"http:\/\/dep.ufscar.br\/wp-content\/uploads\/2025\/02\/silvio_site.jpg\" \/>\n\t<meta property=\"og:image:width\" content=\"495\" \/>\n\t<meta property=\"og:image:height\" content=\"278\" \/>\n<meta name=\"twitter:card\" content=\"summary_large_image\" \/>\n<meta name=\"twitter:label1\" content=\"Est. tempo de leitura\" \/>\n\t<meta name=\"twitter:data1\" content=\"3 minutos\" \/>\n<script type=\"application\/ld+json\" class=\"yoast-schema-graph\">{\"@context\":\"https:\/\/schema.org\",\"@graph\":[{\"@type\":\"WebSite\",\"@id\":\"https:\/\/dep.ufscar.br\/#website\",\"url\":\"https:\/\/dep.ufscar.br\/\",\"name\":\"DEP\",\"description\":\"Departamento de Engenharia de Produ\\u00e7\\u00e3o\",\"potentialAction\":[{\"@type\":\"SearchAction\",\"target\":{\"@type\":\"EntryPoint\",\"urlTemplate\":\"https:\/\/dep.ufscar.br\/?s={search_term_string}\"},\"query-input\":\"required name=search_term_string\"}],\"inLanguage\":\"pt-BR\"},{\"@type\":\"ImageObject\",\"@id\":\"https:\/\/dep.ufscar.br\/index.php\/rever-politica-de-financiamento-rural-pode-promover-menor-impacto-ambiental\/#primaryimage\",\"inLanguage\":\"pt-BR\",\"url\":\"https:\/\/dep.ufscar.br\/wp-content\/uploads\/2025\/02\/silvio_site.jpg\",\"contentUrl\":\"https:\/\/dep.ufscar.br\/wp-content\/uploads\/2025\/02\/silvio_site.jpg\",\"width\":495,\"height\":278},{\"@type\":\"WebPage\",\"@id\":\"https:\/\/dep.ufscar.br\/index.php\/rever-politica-de-financiamento-rural-pode-promover-menor-impacto-ambiental\/#webpage\",\"url\":\"https:\/\/dep.ufscar.br\/index.php\/rever-politica-de-financiamento-rural-pode-promover-menor-impacto-ambiental\/\",\"name\":\"Rever pol\\u00edtica de financiamento rural pode promover menor impacto ambiental - DEP\",\"isPartOf\":{\"@id\":\"https:\/\/dep.ufscar.br\/#website\"},\"primaryImageOfPage\":{\"@id\":\"https:\/\/dep.ufscar.br\/index.php\/rever-politica-de-financiamento-rural-pode-promover-menor-impacto-ambiental\/#primaryimage\"},\"datePublished\":\"2025-02-20T14:41:49+00:00\",\"dateModified\":\"2025-02-20T14:49:16+00:00\",\"breadcrumb\":{\"@id\":\"https:\/\/dep.ufscar.br\/index.php\/rever-politica-de-financiamento-rural-pode-promover-menor-impacto-ambiental\/#breadcrumb\"},\"inLanguage\":\"pt-BR\",\"potentialAction\":[{\"@type\":\"ReadAction\",\"target\":[\"https:\/\/dep.ufscar.br\/index.php\/rever-politica-de-financiamento-rural-pode-promover-menor-impacto-ambiental\/\"]}]},{\"@type\":\"BreadcrumbList\",\"@id\":\"https:\/\/dep.ufscar.br\/index.php\/rever-politica-de-financiamento-rural-pode-promover-menor-impacto-ambiental\/#breadcrumb\",\"itemListElement\":[{\"@type\":\"ListItem\",\"position\":1,\"name\":\"Home\",\"item\":\"https:\/\/dep.ufscar.br\/\"},{\"@type\":\"ListItem\",\"position\":2,\"name\":\"Rever pol\\u00edtica de financiamento rural pode promover menor impacto ambiental\"}]}]}<\/script>\n<!-- \/ Yoast SEO plugin. -->","yoast_head_json":{"title":"Rever pol\u00edtica de financiamento rural pode promover menor impacto ambiental - DEP","robots":{"index":"index","follow":"follow","max-snippet":"max-snippet:-1","max-image-preview":"max-image-preview:large","max-video-preview":"max-video-preview:-1"},"canonical":"https:\/\/dep.ufscar.br\/index.php\/rever-politica-de-financiamento-rural-pode-promover-menor-impacto-ambiental\/","og_locale":"pt_BR","og_type":"article","og_title":"Rever pol\u00edtica de financiamento rural pode promover menor impacto ambiental - DEP","og_description":"A produ\u00e7\u00e3o de carne bovina \u00e9 uma das atividades com maior impacto ambiental no Brasil. Milhares de hectares s\u00e3o desmatados todos os anos para se tornarem \u00e1rea de pasto, e o pr\u00f3prio gado emite metano, um dos gases respons\u00e1veis pelo efeito estufa. Paradoxalmente, mudar a maneira como o Pa\u00eds financia a pecu\u00e1ria pode ser a [&hellip;]","og_url":"https:\/\/dep.ufscar.br\/index.php\/rever-politica-de-financiamento-rural-pode-promover-menor-impacto-ambiental\/","og_site_name":"DEP","article_modified_time":"2025-02-20T14:49:16+00:00","og_image":[{"width":495,"height":278,"url":"http:\/\/dep.ufscar.br\/wp-content\/uploads\/2025\/02\/silvio_site.jpg","path":"\/var\/www\/html\/desenvolvimento\/wp-content\/uploads\/2025\/02\/silvio_site.jpg","size":"full","id":5916,"alt":"","pixels":137610,"type":"image\/jpeg"}],"twitter_card":"summary_large_image","twitter_misc":{"Est. tempo de leitura":"3 minutos"},"schema":{"@context":"https:\/\/schema.org","@graph":[{"@type":"WebSite","@id":"https:\/\/dep.ufscar.br\/#website","url":"https:\/\/dep.ufscar.br\/","name":"DEP","description":"Departamento de Engenharia de Produ\u00e7\u00e3o","potentialAction":[{"@type":"SearchAction","target":{"@type":"EntryPoint","urlTemplate":"https:\/\/dep.ufscar.br\/?s={search_term_string}"},"query-input":"required name=search_term_string"}],"inLanguage":"pt-BR"},{"@type":"ImageObject","@id":"https:\/\/dep.ufscar.br\/index.php\/rever-politica-de-financiamento-rural-pode-promover-menor-impacto-ambiental\/#primaryimage","inLanguage":"pt-BR","url":"https:\/\/dep.ufscar.br\/wp-content\/uploads\/2025\/02\/silvio_site.jpg","contentUrl":"https:\/\/dep.ufscar.br\/wp-content\/uploads\/2025\/02\/silvio_site.jpg","width":495,"height":278},{"@type":"WebPage","@id":"https:\/\/dep.ufscar.br\/index.php\/rever-politica-de-financiamento-rural-pode-promover-menor-impacto-ambiental\/#webpage","url":"https:\/\/dep.ufscar.br\/index.php\/rever-politica-de-financiamento-rural-pode-promover-menor-impacto-ambiental\/","name":"Rever pol\u00edtica de financiamento rural pode promover menor impacto ambiental - DEP","isPartOf":{"@id":"https:\/\/dep.ufscar.br\/#website"},"primaryImageOfPage":{"@id":"https:\/\/dep.ufscar.br\/index.php\/rever-politica-de-financiamento-rural-pode-promover-menor-impacto-ambiental\/#primaryimage"},"datePublished":"2025-02-20T14:41:49+00:00","dateModified":"2025-02-20T14:49:16+00:00","breadcrumb":{"@id":"https:\/\/dep.ufscar.br\/index.php\/rever-politica-de-financiamento-rural-pode-promover-menor-impacto-ambiental\/#breadcrumb"},"inLanguage":"pt-BR","potentialAction":[{"@type":"ReadAction","target":["https:\/\/dep.ufscar.br\/index.php\/rever-politica-de-financiamento-rural-pode-promover-menor-impacto-ambiental\/"]}]},{"@type":"BreadcrumbList","@id":"https:\/\/dep.ufscar.br\/index.php\/rever-politica-de-financiamento-rural-pode-promover-menor-impacto-ambiental\/#breadcrumb","itemListElement":[{"@type":"ListItem","position":1,"name":"Home","item":"https:\/\/dep.ufscar.br\/"},{"@type":"ListItem","position":2,"name":"Rever pol\u00edtica de financiamento rural pode promover menor impacto ambiental"}]}]}},"_links":{"self":[{"href":"https:\/\/dep.ufscar.br\/index.php\/wp-json\/wp\/v2\/pages\/5914"}],"collection":[{"href":"https:\/\/dep.ufscar.br\/index.php\/wp-json\/wp\/v2\/pages"}],"about":[{"href":"https:\/\/dep.ufscar.br\/index.php\/wp-json\/wp\/v2\/types\/page"}],"author":[{"embeddable":true,"href":"https:\/\/dep.ufscar.br\/index.php\/wp-json\/wp\/v2\/users\/245"}],"replies":[{"embeddable":true,"href":"https:\/\/dep.ufscar.br\/index.php\/wp-json\/wp\/v2\/comments?post=5914"}],"version-history":[{"count":1,"href":"https:\/\/dep.ufscar.br\/index.php\/wp-json\/wp\/v2\/pages\/5914\/revisions"}],"predecessor-version":[{"id":5915,"href":"https:\/\/dep.ufscar.br\/index.php\/wp-json\/wp\/v2\/pages\/5914\/revisions\/5915"}],"wp:featuredmedia":[{"embeddable":true,"href":"https:\/\/dep.ufscar.br\/index.php\/wp-json\/wp\/v2\/media\/5916"}],"wp:attachment":[{"href":"https:\/\/dep.ufscar.br\/index.php\/wp-json\/wp\/v2\/media?parent=5914"}],"wp:term":[{"taxonomy":"category","embeddable":true,"href":"https:\/\/dep.ufscar.br\/index.php\/wp-json\/wp\/v2\/categories?post=5914"},{"taxonomy":"post_tag","embeddable":true,"href":"https:\/\/dep.ufscar.br\/index.php\/wp-json\/wp\/v2\/tags?post=5914"}],"curies":[{"name":"wp","href":"https:\/\/api.w.org\/{rel}","templated":true}]}}