{"id":5637,"date":"2023-02-16T17:27:20","date_gmt":"2023-02-16T19:27:20","guid":{"rendered":"https:\/\/dep.ufscar.br\/?page_id=5637"},"modified":"2023-02-16T17:28:56","modified_gmt":"2023-02-16T19:28:56","slug":"lancamento-de-livro-2","status":"publish","type":"page","link":"https:\/\/dep.ufscar.br\/index.php\/lancamento-de-livro-2\/","title":{"rendered":"Lan\u00e7amento de livro"},"content":{"rendered":"<p><img loading=\"lazy\" class=\"size-medium wp-image-5638 alignleft\" src=\"http:\/\/dep.ufscar.br\/wp-content\/uploads\/2023\/02\/capa-livro-mario-fev23-196x300.png\" alt=\"\" width=\"196\" height=\"300\" srcset=\"https:\/\/dep.ufscar.br\/wp-content\/uploads\/2023\/02\/capa-livro-mario-fev23-196x300.png 196w, https:\/\/dep.ufscar.br\/wp-content\/uploads\/2023\/02\/capa-livro-mario-fev23.png 412w\" sizes=\"(max-width: 196px) 100vw, 196px\" \/><\/p>\n<p>&nbsp;<\/p>\n<p>Compartilhamos o lan\u00e7amento do livro \u201c<strong><em>Corporate Financialization <\/em><\/strong>An Economic Sociology Perspective, Marcelo Jos\u00e9 do Carmo, M\u00e1rio Sacomano Neto and Julio Cesar Donadone<\/p>\n<p><em>Series: Routledge Frontiers of Political Economy, 2023\u201d. <\/em><\/p>\n<p><em>\u00a0<\/em><\/p>\n<p><em>&lt;https:\/\/www.taylorfrancis.com\/books\/mono\/10.4324\/9781003309536\/corporate-financialization-marcelo-jos%C3%A9-carmo-m%C3%A1rio-sacomano-neto-julio-cesar-donadone&gt;<\/em><\/p>\n<p>&nbsp;<\/p>\n<p>&nbsp;<\/p>\n<p>A financeiriza\u00e7\u00e3o corporativa \u00e9 definida por muitos como o desenvolvimento da depend\u00eancia e subordina\u00e7\u00e3o do setor produtivo ao setor financeiro. Levando a uma \u00eanfase na maximiza\u00e7\u00e3o do valor do acionista acima de tudo, a financeiriza\u00e7\u00e3o da economia e da produ\u00e7\u00e3o tem um enorme impacto na vida cotidiana das pessoas comuns, incluindo a eros\u00e3o do direito ao emprego, o aumento do trabalho prec\u00e1rio e o aumento das desigualdades. Usando pesquisa de estudo multicaso e uma abordagem explorat\u00f3ria, este livro analisa o processo de financeiriza\u00e7\u00e3o nas dez empresas com maior capitaliza\u00e7\u00e3o de mercado em todo o mundo, incluindo empresas de tecnologia, empresas de petr\u00f3leo e bancos. Este livro analisa indicadores de financeiriza\u00e7\u00e3o em grandes corpora\u00e7\u00f5es incluindo uma compara\u00e7\u00e3o entre fontes de rentabilidade; estrutura acion\u00e1ria, aquisi\u00e7\u00f5es e vendas de a\u00e7\u00f5es; fus\u00f5es e aquisi\u00e7\u00f5es; as origens dos diretores; pagamento de remunera\u00e7\u00e3o aos executivos; pagamento de dividendos aos acionistas e recompra de a\u00e7\u00f5es; sal\u00e1rios dos funcion\u00e1rios; e n\u00edveis de emprego.<\/p>\n<p>Os dados demonstram que o que antes era considerado atividades de neg\u00f3cios n\u00e3o essenciais tornou-se mais lucrativo do que as atividades de neg\u00f3cios principais em muitas dessas empresas. Em alguns casos, essas empresas s\u00e3o respons\u00e1veis por grandes fundos de investimento e institui\u00e7\u00f5es de tipo financeiro que j\u00e1 superam os maiores bancos em termos de ativos sob gest\u00e3o. Enquanto isso, os sal\u00e1rios m\u00e9dios de algumas dessas empresas v\u00eam caindo em termos reais devido ao aumento da terceiriza\u00e7\u00e3o e do uso de m\u00e3o de obra barata ou prec\u00e1ria. Adotando uma abordagem de sociologia econ\u00f4mica, este livro marca uma contribui\u00e7\u00e3o significativa para a literatura sobre financeiriza\u00e7\u00e3o em economia, sociologia e neg\u00f3cios. O livro foi elaborado no est\u00e1gio doutoral de Marcelo Jos\u00e9 do Carmo no Departamento de Engenharia de Produ\u00e7\u00e3o (UFSCar). A pesquisa teve apoio da Coordena\u00e7\u00e3o de Aperfei\u00e7oamento de Pessoal de N\u00edvel Superior (Capes) do N\u00facleo de Estudos em Sociologia Econ\u00f4mica e das Finan\u00e7as (NESEFI) e do N\u00facleo de Estudos Organizacionais (NEO) da Universidade Federal de S\u00e3o Carlos (UFSCar).<\/p>\n<p><strong>Mais informa\u00e7\u00f5es dos autores<\/strong><\/p>\n<p>Marcelo Jos\u00e9 do Carmo &lt;<a href=\"https:\/\/orcid.org\/0000-0001-5530-2821\">https:\/\/orcid.org\/0000-0001-5530-2821<\/a>&gt;<\/p>\n<p>Mario Sacomano Neto &lt;<a href=\"https:\/\/orcid.org\/0000-0002-2561-1700%3e%20\">https:\/\/orcid.org\/0000-0002-2561-1700&gt; <\/a><\/p>\n<p>Julio Cesar Donadone &lt;<a href=\"https:\/\/orcid.org\/0000-0002-2129-0129profile\">https:\/\/orcid.org\/0000-0002-2129-0129<\/a>&gt;<\/p>\n<p>&nbsp;<\/p>\n","protected":false},"excerpt":{"rendered":"<p>&nbsp; Compartilhamos o lan\u00e7amento do livro \u201cCorporate Financialization An Economic Sociology Perspective, Marcelo Jos\u00e9 do Carmo, M\u00e1rio Sacomano Neto and Julio Cesar Donadone Series: Routledge Frontiers of Political Economy, 2023\u201d. \u00a0 &lt;https:\/\/www.taylorfrancis.com\/books\/mono\/10.4324\/9781003309536\/corporate-financialization-marcelo-jos%C3%A9-carmo-m%C3%A1rio-sacomano-neto-julio-cesar-donadone&gt; &nbsp; &nbsp; A financeiriza\u00e7\u00e3o corporativa \u00e9 definida por muitos como o desenvolvimento da depend\u00eancia e subordina\u00e7\u00e3o do setor produtivo ao setor financeiro. Levando &#8230; <a class=\"more-link\" href=\"https:\/\/dep.ufscar.br\/index.php\/lancamento-de-livro-2\/\">Leia mais<\/a><\/p>\n","protected":false},"author":245,"featured_media":5639,"parent":0,"menu_order":0,"comment_status":"closed","ping_status":"closed","template":"","meta":[],"categories":[29,38],"tags":[],"yoast_head":"<!-- This site is optimized with the Yoast SEO plugin v17.0 - https:\/\/yoast.com\/wordpress\/plugins\/seo\/ -->\n<title>Lan\u00e7amento de livro - DEP<\/title>\n<meta name=\"robots\" content=\"index, follow, max-snippet:-1, max-image-preview:large, max-video-preview:-1\" \/>\n<link rel=\"canonical\" href=\"https:\/\/dep.ufscar.br\/index.php\/lancamento-de-livro-2\/\" \/>\n<meta property=\"og:locale\" content=\"pt_BR\" \/>\n<meta property=\"og:type\" content=\"article\" \/>\n<meta property=\"og:title\" content=\"Lan\u00e7amento de livro - DEP\" \/>\n<meta property=\"og:description\" content=\"&nbsp; Compartilhamos o lan\u00e7amento do livro \u201cCorporate Financialization An Economic Sociology Perspective, Marcelo Jos\u00e9 do Carmo, M\u00e1rio Sacomano Neto and Julio Cesar Donadone Series: Routledge Frontiers of Political Economy, 2023\u201d. \u00a0 &lt;https:\/\/www.taylorfrancis.com\/books\/mono\/10.4324\/9781003309536\/corporate-financialization-marcelo-jos%C3%A9-carmo-m%C3%A1rio-sacomano-neto-julio-cesar-donadone&gt; &nbsp; &nbsp; A financeiriza\u00e7\u00e3o corporativa \u00e9 definida por muitos como o desenvolvimento da depend\u00eancia e subordina\u00e7\u00e3o do setor produtivo ao setor financeiro. Levando [&hellip;]\" \/>\n<meta property=\"og:url\" content=\"https:\/\/dep.ufscar.br\/index.php\/lancamento-de-livro-2\/\" \/>\n<meta property=\"og:site_name\" content=\"DEP\" \/>\n<meta property=\"article:modified_time\" content=\"2023-02-16T19:28:56+00:00\" \/>\n<meta property=\"og:image\" content=\"http:\/\/dep.ufscar.br\/wp-content\/uploads\/2023\/02\/capa-livro-mario-fev23-1.png\" \/>\n\t<meta property=\"og:image:width\" content=\"495\" \/>\n\t<meta property=\"og:image:height\" content=\"278\" \/>\n<meta name=\"twitter:card\" content=\"summary_large_image\" \/>\n<meta name=\"twitter:label1\" content=\"Est. tempo de leitura\" \/>\n\t<meta name=\"twitter:data1\" content=\"2 minutos\" \/>\n<script type=\"application\/ld+json\" class=\"yoast-schema-graph\">{\"@context\":\"https:\/\/schema.org\",\"@graph\":[{\"@type\":\"WebSite\",\"@id\":\"https:\/\/dep.ufscar.br\/#website\",\"url\":\"https:\/\/dep.ufscar.br\/\",\"name\":\"DEP\",\"description\":\"Departamento de Engenharia de Produ\\u00e7\\u00e3o\",\"potentialAction\":[{\"@type\":\"SearchAction\",\"target\":{\"@type\":\"EntryPoint\",\"urlTemplate\":\"https:\/\/dep.ufscar.br\/?s={search_term_string}\"},\"query-input\":\"required name=search_term_string\"}],\"inLanguage\":\"pt-BR\"},{\"@type\":\"ImageObject\",\"@id\":\"https:\/\/dep.ufscar.br\/index.php\/lancamento-de-livro-2\/#primaryimage\",\"inLanguage\":\"pt-BR\",\"url\":\"https:\/\/dep.ufscar.br\/wp-content\/uploads\/2023\/02\/capa-livro-mario-fev23-1.png\",\"contentUrl\":\"https:\/\/dep.ufscar.br\/wp-content\/uploads\/2023\/02\/capa-livro-mario-fev23-1.png\",\"width\":495,\"height\":278},{\"@type\":\"WebPage\",\"@id\":\"https:\/\/dep.ufscar.br\/index.php\/lancamento-de-livro-2\/#webpage\",\"url\":\"https:\/\/dep.ufscar.br\/index.php\/lancamento-de-livro-2\/\",\"name\":\"Lan\\u00e7amento de livro - DEP\",\"isPartOf\":{\"@id\":\"https:\/\/dep.ufscar.br\/#website\"},\"primaryImageOfPage\":{\"@id\":\"https:\/\/dep.ufscar.br\/index.php\/lancamento-de-livro-2\/#primaryimage\"},\"datePublished\":\"2023-02-16T19:27:20+00:00\",\"dateModified\":\"2023-02-16T19:28:56+00:00\",\"breadcrumb\":{\"@id\":\"https:\/\/dep.ufscar.br\/index.php\/lancamento-de-livro-2\/#breadcrumb\"},\"inLanguage\":\"pt-BR\",\"potentialAction\":[{\"@type\":\"ReadAction\",\"target\":[\"https:\/\/dep.ufscar.br\/index.php\/lancamento-de-livro-2\/\"]}]},{\"@type\":\"BreadcrumbList\",\"@id\":\"https:\/\/dep.ufscar.br\/index.php\/lancamento-de-livro-2\/#breadcrumb\",\"itemListElement\":[{\"@type\":\"ListItem\",\"position\":1,\"name\":\"Home\",\"item\":\"https:\/\/dep.ufscar.br\/\"},{\"@type\":\"ListItem\",\"position\":2,\"name\":\"Lan\\u00e7amento de livro\"}]}]}<\/script>\n<!-- \/ Yoast SEO plugin. -->","yoast_head_json":{"title":"Lan\u00e7amento de livro - DEP","robots":{"index":"index","follow":"follow","max-snippet":"max-snippet:-1","max-image-preview":"max-image-preview:large","max-video-preview":"max-video-preview:-1"},"canonical":"https:\/\/dep.ufscar.br\/index.php\/lancamento-de-livro-2\/","og_locale":"pt_BR","og_type":"article","og_title":"Lan\u00e7amento de livro - DEP","og_description":"&nbsp; Compartilhamos o lan\u00e7amento do livro \u201cCorporate Financialization An Economic Sociology Perspective, Marcelo Jos\u00e9 do Carmo, M\u00e1rio Sacomano Neto and Julio Cesar Donadone Series: Routledge Frontiers of Political Economy, 2023\u201d. \u00a0 &lt;https:\/\/www.taylorfrancis.com\/books\/mono\/10.4324\/9781003309536\/corporate-financialization-marcelo-jos%C3%A9-carmo-m%C3%A1rio-sacomano-neto-julio-cesar-donadone&gt; &nbsp; &nbsp; A financeiriza\u00e7\u00e3o corporativa \u00e9 definida por muitos como o desenvolvimento da depend\u00eancia e subordina\u00e7\u00e3o do setor produtivo ao setor financeiro. Levando [&hellip;]","og_url":"https:\/\/dep.ufscar.br\/index.php\/lancamento-de-livro-2\/","og_site_name":"DEP","article_modified_time":"2023-02-16T19:28:56+00:00","og_image":[{"width":495,"height":278,"url":"http:\/\/dep.ufscar.br\/wp-content\/uploads\/2023\/02\/capa-livro-mario-fev23-1.png","path":"\/var\/www\/html\/desenvolvimento\/wp-content\/uploads\/2023\/02\/capa-livro-mario-fev23-1.png","size":"full","id":5639,"alt":"","pixels":137610,"type":"image\/png"}],"twitter_card":"summary_large_image","twitter_misc":{"Est. tempo de leitura":"2 minutos"},"schema":{"@context":"https:\/\/schema.org","@graph":[{"@type":"WebSite","@id":"https:\/\/dep.ufscar.br\/#website","url":"https:\/\/dep.ufscar.br\/","name":"DEP","description":"Departamento de Engenharia de Produ\u00e7\u00e3o","potentialAction":[{"@type":"SearchAction","target":{"@type":"EntryPoint","urlTemplate":"https:\/\/dep.ufscar.br\/?s={search_term_string}"},"query-input":"required name=search_term_string"}],"inLanguage":"pt-BR"},{"@type":"ImageObject","@id":"https:\/\/dep.ufscar.br\/index.php\/lancamento-de-livro-2\/#primaryimage","inLanguage":"pt-BR","url":"https:\/\/dep.ufscar.br\/wp-content\/uploads\/2023\/02\/capa-livro-mario-fev23-1.png","contentUrl":"https:\/\/dep.ufscar.br\/wp-content\/uploads\/2023\/02\/capa-livro-mario-fev23-1.png","width":495,"height":278},{"@type":"WebPage","@id":"https:\/\/dep.ufscar.br\/index.php\/lancamento-de-livro-2\/#webpage","url":"https:\/\/dep.ufscar.br\/index.php\/lancamento-de-livro-2\/","name":"Lan\u00e7amento de livro - DEP","isPartOf":{"@id":"https:\/\/dep.ufscar.br\/#website"},"primaryImageOfPage":{"@id":"https:\/\/dep.ufscar.br\/index.php\/lancamento-de-livro-2\/#primaryimage"},"datePublished":"2023-02-16T19:27:20+00:00","dateModified":"2023-02-16T19:28:56+00:00","breadcrumb":{"@id":"https:\/\/dep.ufscar.br\/index.php\/lancamento-de-livro-2\/#breadcrumb"},"inLanguage":"pt-BR","potentialAction":[{"@type":"ReadAction","target":["https:\/\/dep.ufscar.br\/index.php\/lancamento-de-livro-2\/"]}]},{"@type":"BreadcrumbList","@id":"https:\/\/dep.ufscar.br\/index.php\/lancamento-de-livro-2\/#breadcrumb","itemListElement":[{"@type":"ListItem","position":1,"name":"Home","item":"https:\/\/dep.ufscar.br\/"},{"@type":"ListItem","position":2,"name":"Lan\u00e7amento de livro"}]}]}},"_links":{"self":[{"href":"https:\/\/dep.ufscar.br\/index.php\/wp-json\/wp\/v2\/pages\/5637"}],"collection":[{"href":"https:\/\/dep.ufscar.br\/index.php\/wp-json\/wp\/v2\/pages"}],"about":[{"href":"https:\/\/dep.ufscar.br\/index.php\/wp-json\/wp\/v2\/types\/page"}],"author":[{"embeddable":true,"href":"https:\/\/dep.ufscar.br\/index.php\/wp-json\/wp\/v2\/users\/245"}],"replies":[{"embeddable":true,"href":"https:\/\/dep.ufscar.br\/index.php\/wp-json\/wp\/v2\/comments?post=5637"}],"version-history":[{"count":1,"href":"https:\/\/dep.ufscar.br\/index.php\/wp-json\/wp\/v2\/pages\/5637\/revisions"}],"predecessor-version":[{"id":5640,"href":"https:\/\/dep.ufscar.br\/index.php\/wp-json\/wp\/v2\/pages\/5637\/revisions\/5640"}],"wp:featuredmedia":[{"embeddable":true,"href":"https:\/\/dep.ufscar.br\/index.php\/wp-json\/wp\/v2\/media\/5639"}],"wp:attachment":[{"href":"https:\/\/dep.ufscar.br\/index.php\/wp-json\/wp\/v2\/media?parent=5637"}],"wp:term":[{"taxonomy":"category","embeddable":true,"href":"https:\/\/dep.ufscar.br\/index.php\/wp-json\/wp\/v2\/categories?post=5637"},{"taxonomy":"post_tag","embeddable":true,"href":"https:\/\/dep.ufscar.br\/index.php\/wp-json\/wp\/v2\/tags?post=5637"}],"curies":[{"name":"wp","href":"https:\/\/api.w.org\/{rel}","templated":true}]}}