{"id":5603,"date":"2022-11-18T16:53:11","date_gmt":"2022-11-18T18:53:11","guid":{"rendered":"https:\/\/dep.ufscar.br\/?page_id=5603"},"modified":"2022-11-18T17:23:50","modified_gmt":"2022-11-18T19:23:50","slug":"docentes-do-dep-ufscar-recebem-a-tradicional-medalha-ruy-miller-paiva-do-instituto-de-economia-agricola-iea-sp","status":"publish","type":"page","link":"https:\/\/dep.ufscar.br\/index.php\/docentes-do-dep-ufscar-recebem-a-tradicional-medalha-ruy-miller-paiva-do-instituto-de-economia-agricola-iea-sp\/","title":{"rendered":"Docentes do DEP-UFSCar recebem a tradicional medalha Ruy Miller Paiva do Instituto de Economia Agr\u00edcola (IEA-SP)"},"content":{"rendered":"<div><img loading=\"lazy\" class=\"size-medium wp-image-5608 aligncenter\" src=\"http:\/\/dep.ufscar.br\/wp-content\/uploads\/2022\/11\/premiacao-iea-300x200.jpg\" alt=\"\" width=\"300\" height=\"200\" srcset=\"https:\/\/dep.ufscar.br\/wp-content\/uploads\/2022\/11\/premiacao-iea-300x200.jpg 300w, https:\/\/dep.ufscar.br\/wp-content\/uploads\/2022\/11\/premiacao-iea-768x511.jpg 768w, https:\/\/dep.ufscar.br\/wp-content\/uploads\/2022\/11\/premiacao-iea.jpg 1000w\" sizes=\"(max-width: 300px) 100vw, 300px\" \/><\/div>\n<div><\/div>\n<div>Pesquisadores do Departamento de Engenharia de Produ\u00e7\u00e3o da UFSCar receberam a tradicional medalha Ruy Miller Paiva do Instituto de Economia Agr\u00edcola (IEA) do estado de S\u00e3o Paulo. A medalha premiou as contribui\u00e7\u00f5es cient\u00edficas mais significativas publicadas pelo Instituto de Economia Agr\u00edcola. A entrega foi realizada pelo Secret\u00e1rio da Agricultura e Abastecimento do Estado de S\u00e3o Paulo, Francisco Matturro, e pelo diretor do IEA, Celso Vegro, em cerim\u00f4nia de comemora\u00e7\u00e3o dos 80 anos do IEA.<\/div>\n<p>Os premiados foram Marcela de Mello Brand\u00e3o Vinholis (Embrapa Pecu\u00e1ria Sudeste), Hildo Meirelles de Souza Filho (DEP-UFSCar), Marcelo Jos\u00e9 Carrer (DEP-UFSCar), Waldomiro Barioni Junior (Embrapa Pecu\u00e1ria Sudeste) e Roberto Bernardo (PPGEP-UFSCar) pelo trabalho &#8220;Perfil dos adotantes de sistemas de integra\u00e7\u00e3o lavoura-pecu\u00e1ria-floresta do Centro-Oeste do Estado de S\u00e3o Paulo.<\/p>\n","protected":false},"excerpt":{"rendered":"<p>Pesquisadores do Departamento de Engenharia de Produ\u00e7\u00e3o da UFSCar receberam a tradicional medalha Ruy Miller Paiva do Instituto de Economia Agr\u00edcola (IEA) do estado de S\u00e3o Paulo. A medalha premiou as contribui\u00e7\u00f5es cient\u00edficas mais significativas publicadas pelo Instituto de Economia Agr\u00edcola. A entrega foi realizada pelo Secret\u00e1rio da Agricultura e Abastecimento do Estado de S\u00e3o &#8230; <a class=\"more-link\" href=\"https:\/\/dep.ufscar.br\/index.php\/docentes-do-dep-ufscar-recebem-a-tradicional-medalha-ruy-miller-paiva-do-instituto-de-economia-agricola-iea-sp\/\">Leia mais<\/a><\/p>\n","protected":false},"author":245,"featured_media":5606,"parent":0,"menu_order":0,"comment_status":"closed","ping_status":"closed","template":"","meta":[],"categories":[29,38],"tags":[],"yoast_head":"<!-- This site is optimized with the Yoast SEO plugin v17.0 - https:\/\/yoast.com\/wordpress\/plugins\/seo\/ -->\n<title>Docentes do DEP-UFSCar recebem a tradicional medalha Ruy Miller Paiva do Instituto de Economia Agr\u00edcola (IEA-SP) - DEP<\/title>\n<meta name=\"robots\" content=\"index, follow, max-snippet:-1, max-image-preview:large, max-video-preview:-1\" \/>\n<link rel=\"canonical\" href=\"https:\/\/dep.ufscar.br\/index.php\/docentes-do-dep-ufscar-recebem-a-tradicional-medalha-ruy-miller-paiva-do-instituto-de-economia-agricola-iea-sp\/\" \/>\n<meta property=\"og:locale\" content=\"pt_BR\" \/>\n<meta property=\"og:type\" content=\"article\" \/>\n<meta property=\"og:title\" content=\"Docentes do DEP-UFSCar recebem a tradicional medalha Ruy Miller Paiva do Instituto de Economia Agr\u00edcola (IEA-SP) - DEP\" \/>\n<meta property=\"og:description\" content=\"Pesquisadores do Departamento de Engenharia de Produ\u00e7\u00e3o da UFSCar receberam a tradicional medalha Ruy Miller Paiva do Instituto de Economia Agr\u00edcola (IEA) do estado de S\u00e3o Paulo. A medalha premiou as contribui\u00e7\u00f5es cient\u00edficas mais significativas publicadas pelo Instituto de Economia Agr\u00edcola. A entrega foi realizada pelo Secret\u00e1rio da Agricultura e Abastecimento do Estado de S\u00e3o [&hellip;]\" \/>\n<meta property=\"og:url\" content=\"https:\/\/dep.ufscar.br\/index.php\/docentes-do-dep-ufscar-recebem-a-tradicional-medalha-ruy-miller-paiva-do-instituto-de-economia-agricola-iea-sp\/\" \/>\n<meta property=\"og:site_name\" content=\"DEP\" \/>\n<meta property=\"article:modified_time\" content=\"2022-11-18T19:23:50+00:00\" \/>\n<meta property=\"og:image\" content=\"http:\/\/dep.ufscar.br\/wp-content\/uploads\/2022\/11\/premiacao-iea-1-1.jpg\" \/>\n\t<meta property=\"og:image:width\" content=\"495\" \/>\n\t<meta property=\"og:image:height\" content=\"278\" \/>\n<meta name=\"twitter:card\" content=\"summary_large_image\" \/>\n<meta name=\"twitter:label1\" content=\"Est. tempo de leitura\" \/>\n\t<meta name=\"twitter:data1\" content=\"1 minuto\" \/>\n<script type=\"application\/ld+json\" class=\"yoast-schema-graph\">{\"@context\":\"https:\/\/schema.org\",\"@graph\":[{\"@type\":\"WebSite\",\"@id\":\"https:\/\/dep.ufscar.br\/#website\",\"url\":\"https:\/\/dep.ufscar.br\/\",\"name\":\"DEP\",\"description\":\"Departamento de Engenharia de Produ\\u00e7\\u00e3o\",\"potentialAction\":[{\"@type\":\"SearchAction\",\"target\":{\"@type\":\"EntryPoint\",\"urlTemplate\":\"https:\/\/dep.ufscar.br\/?s={search_term_string}\"},\"query-input\":\"required name=search_term_string\"}],\"inLanguage\":\"pt-BR\"},{\"@type\":\"ImageObject\",\"@id\":\"https:\/\/dep.ufscar.br\/index.php\/docentes-do-dep-ufscar-recebem-a-tradicional-medalha-ruy-miller-paiva-do-instituto-de-economia-agricola-iea-sp\/#primaryimage\",\"inLanguage\":\"pt-BR\",\"url\":\"https:\/\/dep.ufscar.br\/wp-content\/uploads\/2022\/11\/premiacao-iea-1-1.jpg\",\"contentUrl\":\"https:\/\/dep.ufscar.br\/wp-content\/uploads\/2022\/11\/premiacao-iea-1-1.jpg\",\"width\":495,\"height\":278},{\"@type\":\"WebPage\",\"@id\":\"https:\/\/dep.ufscar.br\/index.php\/docentes-do-dep-ufscar-recebem-a-tradicional-medalha-ruy-miller-paiva-do-instituto-de-economia-agricola-iea-sp\/#webpage\",\"url\":\"https:\/\/dep.ufscar.br\/index.php\/docentes-do-dep-ufscar-recebem-a-tradicional-medalha-ruy-miller-paiva-do-instituto-de-economia-agricola-iea-sp\/\",\"name\":\"Docentes do DEP-UFSCar recebem a tradicional medalha Ruy Miller Paiva do Instituto de Economia Agr\\u00edcola (IEA-SP) - DEP\",\"isPartOf\":{\"@id\":\"https:\/\/dep.ufscar.br\/#website\"},\"primaryImageOfPage\":{\"@id\":\"https:\/\/dep.ufscar.br\/index.php\/docentes-do-dep-ufscar-recebem-a-tradicional-medalha-ruy-miller-paiva-do-instituto-de-economia-agricola-iea-sp\/#primaryimage\"},\"datePublished\":\"2022-11-18T18:53:11+00:00\",\"dateModified\":\"2022-11-18T19:23:50+00:00\",\"breadcrumb\":{\"@id\":\"https:\/\/dep.ufscar.br\/index.php\/docentes-do-dep-ufscar-recebem-a-tradicional-medalha-ruy-miller-paiva-do-instituto-de-economia-agricola-iea-sp\/#breadcrumb\"},\"inLanguage\":\"pt-BR\",\"potentialAction\":[{\"@type\":\"ReadAction\",\"target\":[\"https:\/\/dep.ufscar.br\/index.php\/docentes-do-dep-ufscar-recebem-a-tradicional-medalha-ruy-miller-paiva-do-instituto-de-economia-agricola-iea-sp\/\"]}]},{\"@type\":\"BreadcrumbList\",\"@id\":\"https:\/\/dep.ufscar.br\/index.php\/docentes-do-dep-ufscar-recebem-a-tradicional-medalha-ruy-miller-paiva-do-instituto-de-economia-agricola-iea-sp\/#breadcrumb\",\"itemListElement\":[{\"@type\":\"ListItem\",\"position\":1,\"name\":\"Home\",\"item\":\"https:\/\/dep.ufscar.br\/\"},{\"@type\":\"ListItem\",\"position\":2,\"name\":\"Docentes do DEP-UFSCar recebem a tradicional medalha Ruy Miller Paiva do Instituto de Economia Agr\\u00edcola (IEA-SP)\"}]}]}<\/script>\n<!-- \/ Yoast SEO plugin. -->","yoast_head_json":{"title":"Docentes do DEP-UFSCar recebem a tradicional medalha Ruy Miller Paiva do Instituto de Economia Agr\u00edcola (IEA-SP) - DEP","robots":{"index":"index","follow":"follow","max-snippet":"max-snippet:-1","max-image-preview":"max-image-preview:large","max-video-preview":"max-video-preview:-1"},"canonical":"https:\/\/dep.ufscar.br\/index.php\/docentes-do-dep-ufscar-recebem-a-tradicional-medalha-ruy-miller-paiva-do-instituto-de-economia-agricola-iea-sp\/","og_locale":"pt_BR","og_type":"article","og_title":"Docentes do DEP-UFSCar recebem a tradicional medalha Ruy Miller Paiva do Instituto de Economia Agr\u00edcola (IEA-SP) - DEP","og_description":"Pesquisadores do Departamento de Engenharia de Produ\u00e7\u00e3o da UFSCar receberam a tradicional medalha Ruy Miller Paiva do Instituto de Economia Agr\u00edcola (IEA) do estado de S\u00e3o Paulo. A medalha premiou as contribui\u00e7\u00f5es cient\u00edficas mais significativas publicadas pelo Instituto de Economia Agr\u00edcola. A entrega foi realizada pelo Secret\u00e1rio da Agricultura e Abastecimento do Estado de S\u00e3o [&hellip;]","og_url":"https:\/\/dep.ufscar.br\/index.php\/docentes-do-dep-ufscar-recebem-a-tradicional-medalha-ruy-miller-paiva-do-instituto-de-economia-agricola-iea-sp\/","og_site_name":"DEP","article_modified_time":"2022-11-18T19:23:50+00:00","og_image":[{"width":495,"height":278,"url":"http:\/\/dep.ufscar.br\/wp-content\/uploads\/2022\/11\/premiacao-iea-1-1.jpg","path":"\/var\/www\/html\/desenvolvimento\/wp-content\/uploads\/2022\/11\/premiacao-iea-1-1.jpg","size":"full","id":5606,"alt":"","pixels":137610,"type":"image\/jpeg"}],"twitter_card":"summary_large_image","twitter_misc":{"Est. tempo de leitura":"1 minuto"},"schema":{"@context":"https:\/\/schema.org","@graph":[{"@type":"WebSite","@id":"https:\/\/dep.ufscar.br\/#website","url":"https:\/\/dep.ufscar.br\/","name":"DEP","description":"Departamento de Engenharia de Produ\u00e7\u00e3o","potentialAction":[{"@type":"SearchAction","target":{"@type":"EntryPoint","urlTemplate":"https:\/\/dep.ufscar.br\/?s={search_term_string}"},"query-input":"required name=search_term_string"}],"inLanguage":"pt-BR"},{"@type":"ImageObject","@id":"https:\/\/dep.ufscar.br\/index.php\/docentes-do-dep-ufscar-recebem-a-tradicional-medalha-ruy-miller-paiva-do-instituto-de-economia-agricola-iea-sp\/#primaryimage","inLanguage":"pt-BR","url":"https:\/\/dep.ufscar.br\/wp-content\/uploads\/2022\/11\/premiacao-iea-1-1.jpg","contentUrl":"https:\/\/dep.ufscar.br\/wp-content\/uploads\/2022\/11\/premiacao-iea-1-1.jpg","width":495,"height":278},{"@type":"WebPage","@id":"https:\/\/dep.ufscar.br\/index.php\/docentes-do-dep-ufscar-recebem-a-tradicional-medalha-ruy-miller-paiva-do-instituto-de-economia-agricola-iea-sp\/#webpage","url":"https:\/\/dep.ufscar.br\/index.php\/docentes-do-dep-ufscar-recebem-a-tradicional-medalha-ruy-miller-paiva-do-instituto-de-economia-agricola-iea-sp\/","name":"Docentes do DEP-UFSCar recebem a tradicional medalha Ruy Miller Paiva do Instituto de Economia Agr\u00edcola (IEA-SP) - DEP","isPartOf":{"@id":"https:\/\/dep.ufscar.br\/#website"},"primaryImageOfPage":{"@id":"https:\/\/dep.ufscar.br\/index.php\/docentes-do-dep-ufscar-recebem-a-tradicional-medalha-ruy-miller-paiva-do-instituto-de-economia-agricola-iea-sp\/#primaryimage"},"datePublished":"2022-11-18T18:53:11+00:00","dateModified":"2022-11-18T19:23:50+00:00","breadcrumb":{"@id":"https:\/\/dep.ufscar.br\/index.php\/docentes-do-dep-ufscar-recebem-a-tradicional-medalha-ruy-miller-paiva-do-instituto-de-economia-agricola-iea-sp\/#breadcrumb"},"inLanguage":"pt-BR","potentialAction":[{"@type":"ReadAction","target":["https:\/\/dep.ufscar.br\/index.php\/docentes-do-dep-ufscar-recebem-a-tradicional-medalha-ruy-miller-paiva-do-instituto-de-economia-agricola-iea-sp\/"]}]},{"@type":"BreadcrumbList","@id":"https:\/\/dep.ufscar.br\/index.php\/docentes-do-dep-ufscar-recebem-a-tradicional-medalha-ruy-miller-paiva-do-instituto-de-economia-agricola-iea-sp\/#breadcrumb","itemListElement":[{"@type":"ListItem","position":1,"name":"Home","item":"https:\/\/dep.ufscar.br\/"},{"@type":"ListItem","position":2,"name":"Docentes do DEP-UFSCar recebem a tradicional medalha Ruy Miller Paiva do Instituto de Economia Agr\u00edcola (IEA-SP)"}]}]}},"_links":{"self":[{"href":"https:\/\/dep.ufscar.br\/index.php\/wp-json\/wp\/v2\/pages\/5603"}],"collection":[{"href":"https:\/\/dep.ufscar.br\/index.php\/wp-json\/wp\/v2\/pages"}],"about":[{"href":"https:\/\/dep.ufscar.br\/index.php\/wp-json\/wp\/v2\/types\/page"}],"author":[{"embeddable":true,"href":"https:\/\/dep.ufscar.br\/index.php\/wp-json\/wp\/v2\/users\/245"}],"replies":[{"embeddable":true,"href":"https:\/\/dep.ufscar.br\/index.php\/wp-json\/wp\/v2\/comments?post=5603"}],"version-history":[{"count":4,"href":"https:\/\/dep.ufscar.br\/index.php\/wp-json\/wp\/v2\/pages\/5603\/revisions"}],"predecessor-version":[{"id":5610,"href":"https:\/\/dep.ufscar.br\/index.php\/wp-json\/wp\/v2\/pages\/5603\/revisions\/5610"}],"wp:featuredmedia":[{"embeddable":true,"href":"https:\/\/dep.ufscar.br\/index.php\/wp-json\/wp\/v2\/media\/5606"}],"wp:attachment":[{"href":"https:\/\/dep.ufscar.br\/index.php\/wp-json\/wp\/v2\/media?parent=5603"}],"wp:term":[{"taxonomy":"category","embeddable":true,"href":"https:\/\/dep.ufscar.br\/index.php\/wp-json\/wp\/v2\/categories?post=5603"},{"taxonomy":"post_tag","embeddable":true,"href":"https:\/\/dep.ufscar.br\/index.php\/wp-json\/wp\/v2\/tags?post=5603"}],"curies":[{"name":"wp","href":"https:\/\/api.w.org\/{rel}","templated":true}]}}