{"id":5567,"date":"2022-08-08T09:30:33","date_gmt":"2022-08-08T12:30:33","guid":{"rendered":"https:\/\/dep.ufscar.br\/?page_id=5567"},"modified":"2022-08-08T09:34:56","modified_gmt":"2022-08-08T12:34:56","slug":"trabalho-de-docente-do-dep-ufscar-recebe-premio-de-pesquisa-operacional-da-euro-conference","status":"publish","type":"page","link":"https:\/\/dep.ufscar.br\/index.php\/trabalho-de-docente-do-dep-ufscar-recebe-premio-de-pesquisa-operacional-da-euro-conference\/","title":{"rendered":"Trabalho de docente do DEP-UFSCar recebe Pr\u00eamio de Pesquisa Operacional da EURO Conference"},"content":{"rendered":"<p><img loading=\"lazy\" class=\"wp-image-5571 aligncenter\" src=\"http:\/\/dep.ufscar.br\/wp-content\/uploads\/2022\/08\/whatsapp-image-2022-07-06-at-121448-1024x461.jpeg\" alt=\"\" width=\"788\" height=\"355\" srcset=\"https:\/\/dep.ufscar.br\/wp-content\/uploads\/2022\/08\/whatsapp-image-2022-07-06-at-121448-1024x461.jpeg 1024w, https:\/\/dep.ufscar.br\/wp-content\/uploads\/2022\/08\/whatsapp-image-2022-07-06-at-121448-300x135.jpeg 300w, https:\/\/dep.ufscar.br\/wp-content\/uploads\/2022\/08\/whatsapp-image-2022-07-06-at-121448-768x346.jpeg 768w, https:\/\/dep.ufscar.br\/wp-content\/uploads\/2022\/08\/whatsapp-image-2022-07-06-at-121448-1536x691.jpeg 1536w, https:\/\/dep.ufscar.br\/wp-content\/uploads\/2022\/08\/whatsapp-image-2022-07-06-at-121448.jpeg 1600w\" sizes=\"(max-width: 788px) 100vw, 788px\" \/><\/p>\n<p style=\"font-weight: 400;\">O trabalho intitulado \u201cSupporting Brazilian smallholder farmers decision making in supplying institutional markets\u201d, que tem a coautoria do professor do DEP-UFSCar Helio Yochihiro Fuchigami, recebeu o Pr\u00eamio de Pesquisa Operacional para o Bem Comum (OR for the Common Good) da 32\u00aa EURO Conference, da Association of European Operational Research Societies, ocorrida nos dias 3 a 6 de julho de 2022, na cidade de Espoo na Finl\u00e2ndia.<\/p>\n<p style=\"font-weight: 400;\">A pesquisa \u00e9 resultado de um projeto conjunto com a Universidade de Strathclyde, na Esc\u00f3cia, e a Universidade Federal de Goi\u00e1s, financiado pela Newton Fund e a FAPEG.<\/p>\n","protected":false},"excerpt":{"rendered":"<p>O trabalho intitulado \u201cSupporting Brazilian smallholder farmers decision making in supplying institutional markets\u201d, que tem a coautoria do professor do DEP-UFSCar Helio Yochihiro Fuchigami, recebeu o Pr\u00eamio de Pesquisa Operacional para o Bem Comum (OR for the Common Good) da 32\u00aa EURO Conference, da Association of European Operational Research Societies, ocorrida nos dias 3 a &#8230; <a class=\"more-link\" href=\"https:\/\/dep.ufscar.br\/index.php\/trabalho-de-docente-do-dep-ufscar-recebe-premio-de-pesquisa-operacional-da-euro-conference\/\">Leia mais<\/a><\/p>\n","protected":false},"author":1,"featured_media":5568,"parent":0,"menu_order":0,"comment_status":"closed","ping_status":"closed","template":"","meta":[],"categories":[29,38],"tags":[],"yoast_head":"<!-- This site is optimized with the Yoast SEO plugin v17.0 - https:\/\/yoast.com\/wordpress\/plugins\/seo\/ -->\n<title>Trabalho de docente do DEP-UFSCar recebe Pr\u00eamio de Pesquisa Operacional da EURO Conference - DEP<\/title>\n<meta name=\"robots\" content=\"index, follow, max-snippet:-1, max-image-preview:large, max-video-preview:-1\" \/>\n<link rel=\"canonical\" href=\"https:\/\/dep.ufscar.br\/index.php\/trabalho-de-docente-do-dep-ufscar-recebe-premio-de-pesquisa-operacional-da-euro-conference\/\" \/>\n<meta property=\"og:locale\" content=\"pt_BR\" \/>\n<meta property=\"og:type\" content=\"article\" \/>\n<meta property=\"og:title\" content=\"Trabalho de docente do DEP-UFSCar recebe Pr\u00eamio de Pesquisa Operacional da EURO Conference - DEP\" \/>\n<meta property=\"og:description\" content=\"O trabalho intitulado \u201cSupporting Brazilian smallholder farmers decision making in supplying institutional markets\u201d, que tem a coautoria do professor do DEP-UFSCar Helio Yochihiro Fuchigami, recebeu o Pr\u00eamio de Pesquisa Operacional para o Bem Comum (OR for the Common Good) da 32\u00aa EURO Conference, da Association of European Operational Research Societies, ocorrida nos dias 3 a [&hellip;]\" \/>\n<meta property=\"og:url\" content=\"https:\/\/dep.ufscar.br\/index.php\/trabalho-de-docente-do-dep-ufscar-recebe-premio-de-pesquisa-operacional-da-euro-conference\/\" \/>\n<meta property=\"og:site_name\" content=\"DEP\" \/>\n<meta property=\"article:modified_time\" content=\"2022-08-08T12:34:56+00:00\" \/>\n<meta property=\"og:image\" content=\"http:\/\/dep.ufscar.br\/wp-content\/uploads\/2022\/08\/premio-po.jpeg\" \/>\n\t<meta property=\"og:image:width\" content=\"495\" \/>\n\t<meta property=\"og:image:height\" content=\"278\" \/>\n<meta name=\"twitter:card\" content=\"summary_large_image\" \/>\n<meta name=\"twitter:label1\" content=\"Est. tempo de leitura\" \/>\n\t<meta name=\"twitter:data1\" content=\"1 minuto\" \/>\n<script type=\"application\/ld+json\" class=\"yoast-schema-graph\">{\"@context\":\"https:\/\/schema.org\",\"@graph\":[{\"@type\":\"WebSite\",\"@id\":\"https:\/\/dep.ufscar.br\/#website\",\"url\":\"https:\/\/dep.ufscar.br\/\",\"name\":\"DEP\",\"description\":\"Departamento de Engenharia de Produ\\u00e7\\u00e3o\",\"potentialAction\":[{\"@type\":\"SearchAction\",\"target\":{\"@type\":\"EntryPoint\",\"urlTemplate\":\"https:\/\/dep.ufscar.br\/?s={search_term_string}\"},\"query-input\":\"required name=search_term_string\"}],\"inLanguage\":\"pt-BR\"},{\"@type\":\"ImageObject\",\"@id\":\"https:\/\/dep.ufscar.br\/index.php\/trabalho-de-docente-do-dep-ufscar-recebe-premio-de-pesquisa-operacional-da-euro-conference\/#primaryimage\",\"inLanguage\":\"pt-BR\",\"url\":\"https:\/\/dep.ufscar.br\/wp-content\/uploads\/2022\/08\/premio-po.jpeg\",\"contentUrl\":\"https:\/\/dep.ufscar.br\/wp-content\/uploads\/2022\/08\/premio-po.jpeg\",\"width\":495,\"height\":278},{\"@type\":\"WebPage\",\"@id\":\"https:\/\/dep.ufscar.br\/index.php\/trabalho-de-docente-do-dep-ufscar-recebe-premio-de-pesquisa-operacional-da-euro-conference\/#webpage\",\"url\":\"https:\/\/dep.ufscar.br\/index.php\/trabalho-de-docente-do-dep-ufscar-recebe-premio-de-pesquisa-operacional-da-euro-conference\/\",\"name\":\"Trabalho de docente do DEP-UFSCar recebe Pr\\u00eamio de Pesquisa Operacional da EURO Conference - DEP\",\"isPartOf\":{\"@id\":\"https:\/\/dep.ufscar.br\/#website\"},\"primaryImageOfPage\":{\"@id\":\"https:\/\/dep.ufscar.br\/index.php\/trabalho-de-docente-do-dep-ufscar-recebe-premio-de-pesquisa-operacional-da-euro-conference\/#primaryimage\"},\"datePublished\":\"2022-08-08T12:30:33+00:00\",\"dateModified\":\"2022-08-08T12:34:56+00:00\",\"breadcrumb\":{\"@id\":\"https:\/\/dep.ufscar.br\/index.php\/trabalho-de-docente-do-dep-ufscar-recebe-premio-de-pesquisa-operacional-da-euro-conference\/#breadcrumb\"},\"inLanguage\":\"pt-BR\",\"potentialAction\":[{\"@type\":\"ReadAction\",\"target\":[\"https:\/\/dep.ufscar.br\/index.php\/trabalho-de-docente-do-dep-ufscar-recebe-premio-de-pesquisa-operacional-da-euro-conference\/\"]}]},{\"@type\":\"BreadcrumbList\",\"@id\":\"https:\/\/dep.ufscar.br\/index.php\/trabalho-de-docente-do-dep-ufscar-recebe-premio-de-pesquisa-operacional-da-euro-conference\/#breadcrumb\",\"itemListElement\":[{\"@type\":\"ListItem\",\"position\":1,\"name\":\"Home\",\"item\":\"https:\/\/dep.ufscar.br\/\"},{\"@type\":\"ListItem\",\"position\":2,\"name\":\"Trabalho de docente do DEP-UFSCar recebe Pr\\u00eamio de Pesquisa Operacional da EURO Conference\"}]}]}<\/script>\n<!-- \/ Yoast SEO plugin. -->","yoast_head_json":{"title":"Trabalho de docente do DEP-UFSCar recebe Pr\u00eamio de Pesquisa Operacional da EURO Conference - DEP","robots":{"index":"index","follow":"follow","max-snippet":"max-snippet:-1","max-image-preview":"max-image-preview:large","max-video-preview":"max-video-preview:-1"},"canonical":"https:\/\/dep.ufscar.br\/index.php\/trabalho-de-docente-do-dep-ufscar-recebe-premio-de-pesquisa-operacional-da-euro-conference\/","og_locale":"pt_BR","og_type":"article","og_title":"Trabalho de docente do DEP-UFSCar recebe Pr\u00eamio de Pesquisa Operacional da EURO Conference - DEP","og_description":"O trabalho intitulado \u201cSupporting Brazilian smallholder farmers decision making in supplying institutional markets\u201d, que tem a coautoria do professor do DEP-UFSCar Helio Yochihiro Fuchigami, recebeu o Pr\u00eamio de Pesquisa Operacional para o Bem Comum (OR for the Common Good) da 32\u00aa EURO Conference, da Association of European Operational Research Societies, ocorrida nos dias 3 a [&hellip;]","og_url":"https:\/\/dep.ufscar.br\/index.php\/trabalho-de-docente-do-dep-ufscar-recebe-premio-de-pesquisa-operacional-da-euro-conference\/","og_site_name":"DEP","article_modified_time":"2022-08-08T12:34:56+00:00","og_image":[{"width":495,"height":278,"url":"http:\/\/dep.ufscar.br\/wp-content\/uploads\/2022\/08\/premio-po.jpeg","path":"\/var\/www\/html\/desenvolvimento\/wp-content\/uploads\/2022\/08\/premio-po.jpeg","size":"full","id":5568,"alt":"","pixels":137610,"type":"image\/jpeg"}],"twitter_card":"summary_large_image","twitter_misc":{"Est. tempo de leitura":"1 minuto"},"schema":{"@context":"https:\/\/schema.org","@graph":[{"@type":"WebSite","@id":"https:\/\/dep.ufscar.br\/#website","url":"https:\/\/dep.ufscar.br\/","name":"DEP","description":"Departamento de Engenharia de Produ\u00e7\u00e3o","potentialAction":[{"@type":"SearchAction","target":{"@type":"EntryPoint","urlTemplate":"https:\/\/dep.ufscar.br\/?s={search_term_string}"},"query-input":"required name=search_term_string"}],"inLanguage":"pt-BR"},{"@type":"ImageObject","@id":"https:\/\/dep.ufscar.br\/index.php\/trabalho-de-docente-do-dep-ufscar-recebe-premio-de-pesquisa-operacional-da-euro-conference\/#primaryimage","inLanguage":"pt-BR","url":"https:\/\/dep.ufscar.br\/wp-content\/uploads\/2022\/08\/premio-po.jpeg","contentUrl":"https:\/\/dep.ufscar.br\/wp-content\/uploads\/2022\/08\/premio-po.jpeg","width":495,"height":278},{"@type":"WebPage","@id":"https:\/\/dep.ufscar.br\/index.php\/trabalho-de-docente-do-dep-ufscar-recebe-premio-de-pesquisa-operacional-da-euro-conference\/#webpage","url":"https:\/\/dep.ufscar.br\/index.php\/trabalho-de-docente-do-dep-ufscar-recebe-premio-de-pesquisa-operacional-da-euro-conference\/","name":"Trabalho de docente do DEP-UFSCar recebe Pr\u00eamio de Pesquisa Operacional da EURO Conference - DEP","isPartOf":{"@id":"https:\/\/dep.ufscar.br\/#website"},"primaryImageOfPage":{"@id":"https:\/\/dep.ufscar.br\/index.php\/trabalho-de-docente-do-dep-ufscar-recebe-premio-de-pesquisa-operacional-da-euro-conference\/#primaryimage"},"datePublished":"2022-08-08T12:30:33+00:00","dateModified":"2022-08-08T12:34:56+00:00","breadcrumb":{"@id":"https:\/\/dep.ufscar.br\/index.php\/trabalho-de-docente-do-dep-ufscar-recebe-premio-de-pesquisa-operacional-da-euro-conference\/#breadcrumb"},"inLanguage":"pt-BR","potentialAction":[{"@type":"ReadAction","target":["https:\/\/dep.ufscar.br\/index.php\/trabalho-de-docente-do-dep-ufscar-recebe-premio-de-pesquisa-operacional-da-euro-conference\/"]}]},{"@type":"BreadcrumbList","@id":"https:\/\/dep.ufscar.br\/index.php\/trabalho-de-docente-do-dep-ufscar-recebe-premio-de-pesquisa-operacional-da-euro-conference\/#breadcrumb","itemListElement":[{"@type":"ListItem","position":1,"name":"Home","item":"https:\/\/dep.ufscar.br\/"},{"@type":"ListItem","position":2,"name":"Trabalho de docente do DEP-UFSCar recebe Pr\u00eamio de Pesquisa Operacional da EURO Conference"}]}]}},"_links":{"self":[{"href":"https:\/\/dep.ufscar.br\/index.php\/wp-json\/wp\/v2\/pages\/5567"}],"collection":[{"href":"https:\/\/dep.ufscar.br\/index.php\/wp-json\/wp\/v2\/pages"}],"about":[{"href":"https:\/\/dep.ufscar.br\/index.php\/wp-json\/wp\/v2\/types\/page"}],"author":[{"embeddable":true,"href":"https:\/\/dep.ufscar.br\/index.php\/wp-json\/wp\/v2\/users\/1"}],"replies":[{"embeddable":true,"href":"https:\/\/dep.ufscar.br\/index.php\/wp-json\/wp\/v2\/comments?post=5567"}],"version-history":[{"count":4,"href":"https:\/\/dep.ufscar.br\/index.php\/wp-json\/wp\/v2\/pages\/5567\/revisions"}],"predecessor-version":[{"id":5573,"href":"https:\/\/dep.ufscar.br\/index.php\/wp-json\/wp\/v2\/pages\/5567\/revisions\/5573"}],"wp:featuredmedia":[{"embeddable":true,"href":"https:\/\/dep.ufscar.br\/index.php\/wp-json\/wp\/v2\/media\/5568"}],"wp:attachment":[{"href":"https:\/\/dep.ufscar.br\/index.php\/wp-json\/wp\/v2\/media?parent=5567"}],"wp:term":[{"taxonomy":"category","embeddable":true,"href":"https:\/\/dep.ufscar.br\/index.php\/wp-json\/wp\/v2\/categories?post=5567"},{"taxonomy":"post_tag","embeddable":true,"href":"https:\/\/dep.ufscar.br\/index.php\/wp-json\/wp\/v2\/tags?post=5567"}],"curies":[{"name":"wp","href":"https:\/\/api.w.org\/{rel}","templated":true}]}}