{"id":2761,"date":"2021-04-08T18:08:38","date_gmt":"2021-04-08T21:08:38","guid":{"rendered":"http:\/\/desenvolvimento.dep.ufscar.br\/?page_id=2761"},"modified":"2025-05-21T20:09:17","modified_gmt":"2025-05-21T23:09:17","slug":"dep-estrutura-organizacional","status":"publish","type":"page","link":"https:\/\/dep.ufscar.br\/index.php\/dep-estrutura-organizacional\/","title":{"rendered":"DEP &#8211; Estrutura Organizacional"},"content":{"rendered":"<p>[vc_row rt_row_background_width=&#8221;fullwidth&#8221; rt_row_content_width=&#8221;default&#8221; rt_row_style=&#8221;alt-style-2&#8243; rt_column_placement=&#8221;middle&#8221; rt_row_borders=&#8221;&#8221; rt_row_shadows=&#8221;&#8221; rt_row_paddings=&#8221;true&#8221; rt_bg_effect=&#8221;classic&#8221; rt_bg_image_repeat=&#8221;repeat&#8221; rt_bg_size=&#8221;cover&#8221; rt_bg_position=&#8221;center center&#8221; rt_bg_attachment=&#8221;scroll&#8221; rt_bg_video_format=&#8221;youtube&#8221; rt_padding_top=&#8221;100&#8243; rt_bg_image=&#8221;3300&#8243; rt_row_height=&#8221;450&#8243; rt_bg_overlay_color=&#8221;rgba(0,0,0,0.2)&#8221;][vc_column rt_column_shadow=&#8221;&#8221; rt_bg_image_repeat=&#8221;repeat&#8221; rt_bg_size=&#8221;auto auto&#8221; rt_bg_attachment=&#8221;scroll&#8221; rt_bg_color=&#8221;&#8221; rt_bg_overlay_color=&#8221;&#8221; rt_padding_top=&#8221;140&#8243;]<div class=\"rt_heading_wrapper style-1\">\n\t\t\t\t\t\t<h1 class=\"rt_heading texto-sombra with_punchline style-1\"  style=\"font-size:44px;\" data-maxfont-size=\"44\" data-minfont-size=\"32\"><span class=\"punchline\">DEP<\/span>Estrutura Organizacional<\/h1>\n\t\t\t\t\t<\/div>[\/vc_column][\/vc_row][vc_row rt_row_background_width=&#8221;fullwidth&#8221; rt_row_content_width=&#8221;default&#8221; rt_row_style=&#8221;default-style&#8221; rt_row_borders=&#8221;&#8221; rt_row_shadows=&#8221;&#8221; rt_row_paddings=&#8221;true&#8221; id=&#8221;chefia&#8221; rt_bg_effect=&#8221;classic&#8221; rt_bg_image_repeat=&#8221;repeat&#8221; rt_bg_size=&#8221;cover&#8221; rt_bg_position=&#8221;right top&#8221; rt_bg_attachment=&#8221;scroll&#8221; rt_bg_video_format=&#8221;self-hosted&#8221; rt_padding_top=&#8221;80&#8243; rt_padding_bottom=&#8221;80&#8243;][vc_column width=&#8221;1\/2&#8243; rt_column_shadow=&#8221;&#8221; rt_bg_image_repeat=&#8221;repeat&#8221; rt_bg_size=&#8221;auto auto&#8221; rt_bg_attachment=&#8221;scroll&#8221;]<div class=\"rt_heading_wrapper style-1\">\n\t\t\t\t\t\t<h6 class=\"rt_heading  style-1\"  style=\"font-size:18px;\">Chefia<\/h6>\n\t\t\t\t\t<\/div>[vc_column_text]<strong>Prof. Dr. Pedro Carlos Oprime<\/strong><br \/>\n<span class=\"rt-icon icon-mail-1 \"><\/span> pedro@dep.ufscar.br<br \/>\n<span class=\"rt-icon icon-line-phone \"><\/span> (16) 3351-9519[\/vc_column_text][vc_empty_space]<div class=\"rt_heading_wrapper style-1\">\n\t\t\t\t\t\t<h6 class=\"rt_heading  style-1\"  style=\"font-size:18px;\">Vice-Chefia<\/h6>\n\t\t\t\t\t<\/div>[vc_column_text]<strong>Prof. Dr. Luciano Campanini<\/strong><br \/>\n<span class=\"rt-icon icon-mail-1 \"><\/span> lucianoc@dep.ufscar.br<br \/>\n<span class=\"rt-icon icon-line-phone \"><\/span> (16) 3351-9540[\/vc_column_text][vc_empty_space]<div class=\"rt_heading_wrapper style-1\">\n\t\t\t\t\t\t<h6 class=\"rt_heading  style-1\"  style=\"font-size:18px;\">Coordena\u00e7\u00e3o \u2013 Programa de P\u00f3s-Gradua\u00e7\u00e3o (PPGEP)<\/h6>\n\t\t\t\t\t<\/div>[vc_column_text]<strong>Prof. Dr. Glauco Henrique de Sousa Mendes<\/strong><br \/>\n<span class=\"rt-icon icon-mail-1 \"><\/span> glauco@dep.ufscar.br<br \/>\n<span class=\"rt-icon icon-line-phone \"><\/span> (16) 3351-9540[\/vc_column_text][vc_empty_space]<div class=\"rt_heading_wrapper style-1\">\n\t\t\t\t\t\t<h6 class=\"rt_heading  style-1\"  style=\"font-size:18px;\">Coordena\u00e7\u00e3o \u2013 Programa de P\u00f3s-Gradua\u00e7\u00e3o (PPGPEP)<\/h6>\n\t\t\t\t\t<\/div>[vc_column_text]<strong>Profa. Dra. Fabiane Let\u00edcia Lizarelli<\/strong><br \/>\n<span class=\"rt-icon icon-mail-1 \"><\/span> fabiane@dep.ufscar.br<br \/>\n<span class=\"rt-icon icon-line-phone \"><\/span> (16) 3351-9511[\/vc_column_text][vc_empty_space]<div class=\"rt_heading_wrapper style-1\">\n\t\t\t\t\t\t<h6 class=\"rt_heading  style-1\"  style=\"font-size:18px;\">Coordena\u00e7\u00e3o &#8211; Extens\u00e3o<\/h6>\n\t\t\t\t\t<\/div>[vc_column_text]<strong>Prof. Dr. Renato Luvizoto<\/strong><br \/>\n<span class=\"rt-icon icon-mail-1 \"><\/span> luvizoto@ufscar.br[\/vc_column_text][\/vc_column][vc_column width=&#8221;1\/2&#8243; rt_column_shadow=&#8221;&#8221; rt_bg_image_repeat=&#8221;repeat&#8221; rt_bg_size=&#8221;auto auto&#8221; rt_bg_attachment=&#8221;scroll&#8221;]<div class=\"rt_heading_wrapper style-1\">\n\t\t\t\t\t\t<h6 class=\"rt_heading  style-1\"  style=\"font-size:18px;\">Editor &#8211; Revista Gest\u00e3o &amp; Produ\u00e7\u00e3o<\/h6>\n\t\t\t\t\t<\/div>[vc_column_text]<strong>Prof. Dr. Roberto A. Martins<\/strong><br \/>\n<span class=\"rt-icon icon-mail-1 \"><\/span> ram@dep.ufscar.br<br \/>\n<span class=\"rt-icon icon-line-phone \"><\/span> (16) 3351-9531[\/vc_column_text][vc_empty_space]<div class=\"rt_heading_wrapper style-1\">\n\t\t\t\t\t\t<h6 class=\"rt_heading  style-1\"  style=\"font-size:18px;\">Coordena\u00e7\u00e3o &#8211; Gradua\u00e7\u00e3o<\/h6>\n\t\t\t\t\t<\/div>[vc_column_text]<strong>Prof. Dr. F\u00e1bio Molina da Silva<\/strong><br \/>\n<span class=\"rt-icon icon-mail-1 \"><\/span> fabio@dep.ufscar.br<br \/>\n<span class=\"rt-icon icon-line-phone \"><\/span> (16) 3351-9522[\/vc_column_text][vc_empty_space]<div class=\"rt_heading_wrapper style-1\">\n\t\t\t\t\t\t<h6 class=\"rt_heading  style-1\"  style=\"font-size:18px;\">Coordena\u00e7\u00e3o &#8211; Inform\u00e1tica e Laborat\u00f3rios<\/h6>\n\t\t\t\t\t<\/div>[vc_column_text]<strong>Prof. Dr. Helio Yochihiro Fuchigami<\/strong><br \/>\n<span class=\"rt-icon icon-mail-1 \"><\/span> helio@dep.ufscar.br<br \/>\n<span class=\"rt-icon icon-line-phone \"><\/span> (16) 3351-9508[\/vc_column_text][vc_empty_space]<div class=\"rt_heading_wrapper style-1\">\n\t\t\t\t\t\t<h6 class=\"rt_heading  style-1\"  style=\"font-size:18px;\">Coordena\u00e7\u00e3o &#8211; Infraestrutura<\/h6>\n\t\t\t\t\t<\/div>[vc_column_text]<strong>Profa. Dra. Clarissa Fullin Barco de Camargo<\/strong><br \/>\n<span class=\"rt-icon icon-mail-1 \"><\/span> clarissa@dep.ufscar.br<br \/>\n<span class=\"rt-icon icon-line-phone \"><\/span> (16) 3351-9520[\/vc_column_text][vc_empty_space]<div class=\"rt_heading_wrapper style-1\">\n\t\t\t\t\t\t<h6 class=\"rt_heading  style-1\"  style=\"font-size:18px;\">Coordena\u00e7\u00e3o &#8211; Laborat\u00f3rios de Ensino<\/h6>\n\t\t\t\t\t<\/div>[vc_column_text]<strong>Profa. Dra. S\u00e2nia Fernandes<\/strong><br \/>\n<span class=\"rt-icon icon-mail-1 \"><\/span> saniafernandes@dep.ufscar.br[\/vc_column_text][\/vc_column][\/vc_row]<\/p>\n","protected":false},"excerpt":{"rendered":"<p>[vc_row rt_row_background_width=&#8221;fullwidth&#8221; rt_row_content_width=&#8221;default&#8221; rt_row_style=&#8221;alt-style-2&#8243; rt_column_placement=&#8221;middle&#8221; rt_row_borders=&#8221;&#8221; rt_row_shadows=&#8221;&#8221; rt_row_paddings=&#8221;true&#8221; rt_bg_effect=&#8221;classic&#8221; rt_bg_image_repeat=&#8221;repeat&#8221; rt_bg_size=&#8221;cover&#8221; rt_bg_position=&#8221;center center&#8221; rt_bg_attachment=&#8221;scroll&#8221; rt_bg_video_format=&#8221;youtube&#8221; rt_padding_top=&#8221;100&#8243; rt_bg_image=&#8221;3300&#8243; rt_row_height=&#8221;450&#8243; rt_bg_overlay_color=&#8221;rgba(0,0,0,0.2)&#8221;][vc_column rt_column_shadow=&#8221;&#8221; rt_bg_image_repeat=&#8221;repeat&#8221; rt_bg_size=&#8221;auto auto&#8221; rt_bg_attachment=&#8221;scroll&#8221; rt_bg_color=&#8221;&#8221; rt_bg_overlay_color=&#8221;&#8221; rt_padding_top=&#8221;140&#8243;][\/vc_column][\/vc_row][vc_row rt_row_background_width=&#8221;fullwidth&#8221; rt_row_content_width=&#8221;default&#8221; rt_row_style=&#8221;default-style&#8221; rt_row_borders=&#8221;&#8221; rt_row_shadows=&#8221;&#8221; rt_row_paddings=&#8221;true&#8221; id=&#8221;chefia&#8221; rt_bg_effect=&#8221;classic&#8221; rt_bg_image_repeat=&#8221;repeat&#8221; rt_bg_size=&#8221;cover&#8221; rt_bg_position=&#8221;right top&#8221; rt_bg_attachment=&#8221;scroll&#8221; rt_bg_video_format=&#8221;self-hosted&#8221; rt_padding_top=&#8221;80&#8243; rt_padding_bottom=&#8221;80&#8243;][vc_column width=&#8221;1\/2&#8243; rt_column_shadow=&#8221;&#8221; rt_bg_image_repeat=&#8221;repeat&#8221; rt_bg_size=&#8221;auto auto&#8221; rt_bg_attachment=&#8221;scroll&#8221;][vc_column_text]Prof. Dr. Pedro Carlos Oprime pedro@dep.ufscar.br (16) &#8230; <a class=\"more-link\" href=\"https:\/\/dep.ufscar.br\/index.php\/dep-estrutura-organizacional\/\">Leia mais<\/a><\/p>\n","protected":false},"author":1,"featured_media":0,"parent":0,"menu_order":0,"comment_status":"closed","ping_status":"closed","template":"","meta":[],"categories":[],"tags":[],"yoast_head":"<!-- This site is optimized with the Yoast SEO plugin v17.0 - https:\/\/yoast.com\/wordpress\/plugins\/seo\/ -->\n<title>Estrutura Organizacional Dep de Engenharia de Produ\u00e7\u00e3o (DEP) - UFSCar<\/title>\n<meta name=\"description\" content=\"Saiba mais sobre o Departamento de Engenharia de Produ\u00e7\u00e3o da UFSCAR. Conhe\u00e7a os setores do Departamento e seus respectivos representantes.\" \/>\n<meta name=\"robots\" content=\"index, follow, max-snippet:-1, max-image-preview:large, max-video-preview:-1\" \/>\n<link rel=\"canonical\" href=\"https:\/\/dep.ufscar.br\/index.php\/dep-estrutura-organizacional\/\" \/>\n<meta property=\"og:locale\" content=\"pt_BR\" \/>\n<meta property=\"og:type\" content=\"article\" \/>\n<meta property=\"og:title\" content=\"Estrutura Organizacional Dep de Engenharia de Produ\u00e7\u00e3o (DEP) - UFSCar\" \/>\n<meta property=\"og:description\" content=\"Saiba mais sobre o Departamento de Engenharia de Produ\u00e7\u00e3o da UFSCAR. Conhe\u00e7a os setores do Departamento e seus respectivos representantes.\" \/>\n<meta property=\"og:url\" content=\"https:\/\/dep.ufscar.br\/index.php\/dep-estrutura-organizacional\/\" \/>\n<meta property=\"og:site_name\" content=\"DEP\" \/>\n<meta property=\"article:modified_time\" content=\"2025-05-21T23:09:17+00:00\" \/>\n<meta property=\"og:image\" content=\"http:\/\/dep.ufscar.br\/wp-content\/uploads\/2021\/09\/log-dep-departamento-de-engenharia-ufscar-seo.jpg\" \/>\n\t<meta property=\"og:image:width\" content=\"300\" \/>\n\t<meta property=\"og:image:height\" content=\"200\" \/>\n<meta name=\"twitter:card\" content=\"summary_large_image\" \/>\n<meta name=\"twitter:label1\" content=\"Est. tempo de leitura\" \/>\n\t<meta name=\"twitter:data1\" content=\"2 minutos\" \/>\n<script type=\"application\/ld+json\" class=\"yoast-schema-graph\">{\"@context\":\"https:\/\/schema.org\",\"@graph\":[{\"@type\":\"WebSite\",\"@id\":\"https:\/\/dep.ufscar.br\/#website\",\"url\":\"https:\/\/dep.ufscar.br\/\",\"name\":\"DEP\",\"description\":\"Departamento de Engenharia de Produ\\u00e7\\u00e3o\",\"potentialAction\":[{\"@type\":\"SearchAction\",\"target\":{\"@type\":\"EntryPoint\",\"urlTemplate\":\"https:\/\/dep.ufscar.br\/?s={search_term_string}\"},\"query-input\":\"required name=search_term_string\"}],\"inLanguage\":\"pt-BR\"},{\"@type\":\"ImageObject\",\"@id\":\"https:\/\/dep.ufscar.br\/index.php\/dep-estrutura-organizacional\/#primaryimage\",\"inLanguage\":\"pt-BR\",\"url\":\"https:\/\/dep.ufscar.br\/wp-content\/uploads\/2021\/09\/log-dep-departamento-de-engenharia-ufscar-seo.jpg\",\"contentUrl\":\"https:\/\/dep.ufscar.br\/wp-content\/uploads\/2021\/09\/log-dep-departamento-de-engenharia-ufscar-seo.jpg\",\"width\":300,\"height\":200},{\"@type\":\"WebPage\",\"@id\":\"https:\/\/dep.ufscar.br\/index.php\/dep-estrutura-organizacional\/#webpage\",\"url\":\"https:\/\/dep.ufscar.br\/index.php\/dep-estrutura-organizacional\/\",\"name\":\"Estrutura Organizacional Dep de Engenharia de Produ\\u00e7\\u00e3o (DEP) - UFSCar\",\"isPartOf\":{\"@id\":\"https:\/\/dep.ufscar.br\/#website\"},\"datePublished\":\"2021-04-08T21:08:38+00:00\",\"dateModified\":\"2025-05-21T23:09:17+00:00\",\"description\":\"Saiba mais sobre o Departamento de Engenharia de Produ\\u00e7\\u00e3o da UFSCAR. Conhe\\u00e7a os setores do Departamento e seus respectivos representantes.\",\"breadcrumb\":{\"@id\":\"https:\/\/dep.ufscar.br\/index.php\/dep-estrutura-organizacional\/#breadcrumb\"},\"inLanguage\":\"pt-BR\",\"potentialAction\":[{\"@type\":\"ReadAction\",\"target\":[\"https:\/\/dep.ufscar.br\/index.php\/dep-estrutura-organizacional\/\"]}]},{\"@type\":\"BreadcrumbList\",\"@id\":\"https:\/\/dep.ufscar.br\/index.php\/dep-estrutura-organizacional\/#breadcrumb\",\"itemListElement\":[{\"@type\":\"ListItem\",\"position\":1,\"name\":\"Home\",\"item\":\"https:\/\/dep.ufscar.br\/\"},{\"@type\":\"ListItem\",\"position\":2,\"name\":\"DEP &#8211; Estrutura Organizacional\"}]}]}<\/script>\n<!-- \/ Yoast SEO plugin. -->","yoast_head_json":{"title":"Estrutura Organizacional Dep de Engenharia de Produ\u00e7\u00e3o (DEP) - UFSCar","description":"Saiba mais sobre o Departamento de Engenharia de Produ\u00e7\u00e3o da UFSCAR. Conhe\u00e7a os setores do Departamento e seus respectivos representantes.","robots":{"index":"index","follow":"follow","max-snippet":"max-snippet:-1","max-image-preview":"max-image-preview:large","max-video-preview":"max-video-preview:-1"},"canonical":"https:\/\/dep.ufscar.br\/index.php\/dep-estrutura-organizacional\/","og_locale":"pt_BR","og_type":"article","og_title":"Estrutura Organizacional Dep de Engenharia de Produ\u00e7\u00e3o (DEP) - UFSCar","og_description":"Saiba mais sobre o Departamento de Engenharia de Produ\u00e7\u00e3o da UFSCAR. Conhe\u00e7a os setores do Departamento e seus respectivos representantes.","og_url":"https:\/\/dep.ufscar.br\/index.php\/dep-estrutura-organizacional\/","og_site_name":"DEP","article_modified_time":"2025-05-21T23:09:17+00:00","og_image":[{"width":300,"height":200,"url":"http:\/\/dep.ufscar.br\/wp-content\/uploads\/2021\/09\/log-dep-departamento-de-engenharia-ufscar-seo.jpg","path":"\/var\/www\/html\/desenvolvimento\/wp-content\/uploads\/2021\/09\/log-dep-departamento-de-engenharia-ufscar-seo.jpg","size":"full","id":"4900","alt":"","pixels":60000,"type":"image\/jpeg"}],"twitter_card":"summary_large_image","twitter_misc":{"Est. tempo de leitura":"2 minutos"},"schema":{"@context":"https:\/\/schema.org","@graph":[{"@type":"WebSite","@id":"https:\/\/dep.ufscar.br\/#website","url":"https:\/\/dep.ufscar.br\/","name":"DEP","description":"Departamento de Engenharia de Produ\u00e7\u00e3o","potentialAction":[{"@type":"SearchAction","target":{"@type":"EntryPoint","urlTemplate":"https:\/\/dep.ufscar.br\/?s={search_term_string}"},"query-input":"required name=search_term_string"}],"inLanguage":"pt-BR"},{"@type":"ImageObject","@id":"https:\/\/dep.ufscar.br\/index.php\/dep-estrutura-organizacional\/#primaryimage","inLanguage":"pt-BR","url":"https:\/\/dep.ufscar.br\/wp-content\/uploads\/2021\/09\/log-dep-departamento-de-engenharia-ufscar-seo.jpg","contentUrl":"https:\/\/dep.ufscar.br\/wp-content\/uploads\/2021\/09\/log-dep-departamento-de-engenharia-ufscar-seo.jpg","width":300,"height":200},{"@type":"WebPage","@id":"https:\/\/dep.ufscar.br\/index.php\/dep-estrutura-organizacional\/#webpage","url":"https:\/\/dep.ufscar.br\/index.php\/dep-estrutura-organizacional\/","name":"Estrutura Organizacional Dep de Engenharia de Produ\u00e7\u00e3o (DEP) - UFSCar","isPartOf":{"@id":"https:\/\/dep.ufscar.br\/#website"},"datePublished":"2021-04-08T21:08:38+00:00","dateModified":"2025-05-21T23:09:17+00:00","description":"Saiba mais sobre o Departamento de Engenharia de Produ\u00e7\u00e3o da UFSCAR. Conhe\u00e7a os setores do Departamento e seus respectivos representantes.","breadcrumb":{"@id":"https:\/\/dep.ufscar.br\/index.php\/dep-estrutura-organizacional\/#breadcrumb"},"inLanguage":"pt-BR","potentialAction":[{"@type":"ReadAction","target":["https:\/\/dep.ufscar.br\/index.php\/dep-estrutura-organizacional\/"]}]},{"@type":"BreadcrumbList","@id":"https:\/\/dep.ufscar.br\/index.php\/dep-estrutura-organizacional\/#breadcrumb","itemListElement":[{"@type":"ListItem","position":1,"name":"Home","item":"https:\/\/dep.ufscar.br\/"},{"@type":"ListItem","position":2,"name":"DEP &#8211; Estrutura Organizacional"}]}]}},"_links":{"self":[{"href":"https:\/\/dep.ufscar.br\/index.php\/wp-json\/wp\/v2\/pages\/2761"}],"collection":[{"href":"https:\/\/dep.ufscar.br\/index.php\/wp-json\/wp\/v2\/pages"}],"about":[{"href":"https:\/\/dep.ufscar.br\/index.php\/wp-json\/wp\/v2\/types\/page"}],"author":[{"embeddable":true,"href":"https:\/\/dep.ufscar.br\/index.php\/wp-json\/wp\/v2\/users\/1"}],"replies":[{"embeddable":true,"href":"https:\/\/dep.ufscar.br\/index.php\/wp-json\/wp\/v2\/comments?post=2761"}],"version-history":[{"count":53,"href":"https:\/\/dep.ufscar.br\/index.php\/wp-json\/wp\/v2\/pages\/2761\/revisions"}],"predecessor-version":[{"id":5930,"href":"https:\/\/dep.ufscar.br\/index.php\/wp-json\/wp\/v2\/pages\/2761\/revisions\/5930"}],"wp:attachment":[{"href":"https:\/\/dep.ufscar.br\/index.php\/wp-json\/wp\/v2\/media?parent=2761"}],"wp:term":[{"taxonomy":"category","embeddable":true,"href":"https:\/\/dep.ufscar.br\/index.php\/wp-json\/wp\/v2\/categories?post=2761"},{"taxonomy":"post_tag","embeddable":true,"href":"https:\/\/dep.ufscar.br\/index.php\/wp-json\/wp\/v2\/tags?post=2761"}],"curies":[{"name":"wp","href":"https:\/\/api.w.org\/{rel}","templated":true}]}}